{"id":1784,"date":"2022-02-02T07:34:11","date_gmt":"2022-02-02T07:34:11","guid":{"rendered":"https:\/\/assumptafontseca.cat\/receptes\/all-i-oli-2500gr\/"},"modified":"2022-03-09T16:07:16","modified_gmt":"2022-03-09T16:07:16","slug":"all-i-oli-2500gr","status":"publish","type":"product","link":"https:\/\/assumptafontseca.cat\/es\/recetas\/para-acompanar\/all-i-oli-2500gr\/","title":{"rendered":"All i oli"},"content":{"rendered":"<p>\u00a1Uno de los acompa\u00f1amientos estrella de nuestra casa! Con un sabor suave pero constante, nuestro all i oli gusta tanto a quienes se decantan por sabores m\u00e1s marcados, como para quienes lo prefieren m\u00e1s sutiles.<\/p>\n<p>El all i oli es la salsa perfecta para acompa\u00f1ar, tanto platos de carne como de pescado. Y con este envase de 250 gr. tendr\u00e9is suficiente para disfrutarlo con familia y amigos.<\/p>\n<p>De necesitarlo para una ocasi\u00f3n especial en petit comit\u00e9, tambi\u00e9n ten\u00e9is la posibilidad de escoger nuestro <a href=\"https:\/\/assumptafontseca.cat\/es\/recetas\/all-i-oli-100g\/\"><strong>all i oli de 100 gr<\/strong><\/a>.<\/p>\n","protected":false},"excerpt":{"rendered":"<p>250 gr.<\/p>\n","protected":false},"featured_media":1268,"comment_status":"open","ping_status":"closed","template":"","meta":{"_monsterinsights_skip_tracking":false,"_monsterinsights_sitenote_active":false,"_monsterinsights_sitenote_note":"","_monsterinsights_sitenote_category":0},"product_brand":[],"product_cat":[227],"product_tag":[159,187,200],"class_list":{"0":"post-1784","1":"product","2":"type-product","3":"status-publish","4":"has-post-thumbnail","6":"product_cat-para-acompanar","7":"product_tag-all-i-oli-es","8":"product_tag-guarnicion","9":"product_tag-para-picar","11":"first","12":"instock","13":"shipping-taxable","14":"product-type-simple"},"yoast_head":"<!-- This site is optimized with the Yoast SEO plugin v27.2 - https:\/\/yoast.com\/product\/yoast-seo-wordpress\/ -->\n<title>All i oli de 250gr. - Assumpta Fontseca<\/title>\n<meta name=\"description\" content=\"Uno acompa\u00f1amiento estrella de nuestra casa. \u00a1Un all i oli de sabor suave pero constante que gusta a todos! Tambi\u00e9n en envase de 100 gr.\" \/>\n<meta name=\"robots\" content=\"index, follow, max-snippet:-1, max-image-preview:large, max-video-preview:-1\" \/>\n<link rel=\"canonical\" href=\"https:\/\/assumptafontseca.cat\/es\/recetas\/para-acompanar\/all-i-oli-2500gr\/\" \/>\n<meta property=\"og:locale\" content=\"es_ES\" \/>\n<meta property=\"og:type\" content=\"article\" \/>\n<meta property=\"og:title\" content=\"All i oli de 250gr. - Assumpta Fontseca\" \/>\n<meta property=\"og:description\" content=\"Uno acompa\u00f1amiento estrella de nuestra casa. \u00a1Un all i oli de sabor suave pero constante que gusta a todos! Tambi\u00e9n en envase de 100 gr.\" \/>\n<meta property=\"og:url\" content=\"https:\/\/assumptafontseca.cat\/es\/recetas\/para-acompanar\/all-i-oli-2500gr\/\" \/>\n<meta property=\"og:site_name\" content=\"Assumpta Fontseca\" \/>\n<meta property=\"article:modified_time\" content=\"2022-03-09T16:07:16+00:00\" \/>\n<meta property=\"og:image\" content=\"https:\/\/assumptafontseca.cat\/wp-content\/uploads\/2022\/02\/all-i-oli.jpg\" \/>\n\t<meta property=\"og:image:width\" content=\"1000\" \/>\n\t<meta property=\"og:image:height\" content=\"1000\" \/>\n\t<meta property=\"og:image:type\" content=\"image\/jpeg\" \/>\n<meta name=\"twitter:card\" content=\"summary_large_image\" \/>\n<script type=\"application\/ld+json\" class=\"yoast-schema-graph\">{\"@context\":\"https:\/\/schema.org\",\"@graph\":[{\"@type\":\"WebPage\",\"@id\":\"https:\/\/assumptafontseca.cat\/es\/recetas\/para-acompanar\/all-i-oli-2500gr\/\",\"url\":\"https:\/\/assumptafontseca.cat\/es\/recetas\/para-acompanar\/all-i-oli-2500gr\/\",\"name\":\"All i oli de 250gr. - Assumpta Fontseca\",\"isPartOf\":{\"@id\":\"https:\/\/assumptafontseca.cat\/#website\"},\"primaryImageOfPage\":{\"@id\":\"https:\/\/assumptafontseca.cat\/es\/recetas\/para-acompanar\/all-i-oli-2500gr\/#primaryimage\"},\"image\":{\"@id\":\"https:\/\/assumptafontseca.cat\/es\/recetas\/para-acompanar\/all-i-oli-2500gr\/#primaryimage\"},\"thumbnailUrl\":\"https:\/\/assumptafontseca.cat\/wp-content\/uploads\/2022\/02\/all-i-oli.jpg\",\"datePublished\":\"2022-02-02T07:34:11+00:00\",\"dateModified\":\"2022-03-09T16:07:16+00:00\",\"description\":\"Uno acompa\u00f1amiento estrella de nuestra casa. \u00a1Un all i oli de sabor suave pero constante que gusta a todos! Tambi\u00e9n en envase de 100 gr.\",\"breadcrumb\":{\"@id\":\"https:\/\/assumptafontseca.cat\/es\/recetas\/para-acompanar\/all-i-oli-2500gr\/#breadcrumb\"},\"inLanguage\":\"es\",\"potentialAction\":[{\"@type\":\"ReadAction\",\"target\":[\"https:\/\/assumptafontseca.cat\/es\/recetas\/para-acompanar\/all-i-oli-2500gr\/\"]}]},{\"@type\":\"ImageObject\",\"inLanguage\":\"es\",\"@id\":\"https:\/\/assumptafontseca.cat\/es\/recetas\/para-acompanar\/all-i-oli-2500gr\/#primaryimage\",\"url\":\"https:\/\/assumptafontseca.cat\/wp-content\/uploads\/2022\/02\/all-i-oli.jpg\",\"contentUrl\":\"https:\/\/assumptafontseca.cat\/wp-content\/uploads\/2022\/02\/all-i-oli.jpg\",\"width\":1000,\"height\":1000,\"caption\":\"All i oli de 250 gramos de Assumpta Fontseca\"},{\"@type\":\"BreadcrumbList\",\"@id\":\"https:\/\/assumptafontseca.cat\/es\/recetas\/para-acompanar\/all-i-oli-2500gr\/#breadcrumb\",\"itemListElement\":[{\"@type\":\"ListItem\",\"position\":1,\"name\":\"Portada\",\"item\":\"https:\/\/assumptafontseca.cat\/\"},{\"@type\":\"ListItem\",\"position\":2,\"name\":\"Productos\",\"item\":\"https:\/\/assumptafontseca.cat\/tienda\/\"},{\"@type\":\"ListItem\",\"position\":3,\"name\":\"Para acompa\u00f1ar\",\"item\":\"https:\/\/assumptafontseca.cat\/es\/platos-cocinados\/para-acompanar\/\"},{\"@type\":\"ListItem\",\"position\":4,\"name\":\"All i oli\"}]},{\"@type\":\"WebSite\",\"@id\":\"https:\/\/assumptafontseca.cat\/#website\",\"url\":\"https:\/\/assumptafontseca.cat\/\",\"name\":\"Assumpta Fontseca\",\"description\":\"La passi\u00f3 que compartim per la \u201cfeina ben feta\u201d, \u00e9s la millor garantia que cadascun dels nostres plats ser\u00e0 \u00fanic i especial.\",\"potentialAction\":[{\"@type\":\"SearchAction\",\"target\":{\"@type\":\"EntryPoint\",\"urlTemplate\":\"https:\/\/assumptafontseca.cat\/?s={search_term_string}\"},\"query-input\":{\"@type\":\"PropertyValueSpecification\",\"valueRequired\":true,\"valueName\":\"search_term_string\"}}],\"inLanguage\":\"es\"}]}<\/script>\n<!-- \/ Yoast SEO plugin. -->","yoast_head_json":{"title":"All i oli de 250gr. - Assumpta Fontseca","description":"Uno acompa\u00f1amiento estrella de nuestra casa. \u00a1Un all i oli de sabor suave pero constante que gusta a todos! Tambi\u00e9n en envase de 100 gr.","robots":{"index":"index","follow":"follow","max-snippet":"max-snippet:-1","max-image-preview":"max-image-preview:large","max-video-preview":"max-video-preview:-1"},"canonical":"https:\/\/assumptafontseca.cat\/es\/recetas\/para-acompanar\/all-i-oli-2500gr\/","og_locale":"es_ES","og_type":"article","og_title":"All i oli de 250gr. - Assumpta Fontseca","og_description":"Uno acompa\u00f1amiento estrella de nuestra casa. \u00a1Un all i oli de sabor suave pero constante que gusta a todos! Tambi\u00e9n en envase de 100 gr.","og_url":"https:\/\/assumptafontseca.cat\/es\/recetas\/para-acompanar\/all-i-oli-2500gr\/","og_site_name":"Assumpta Fontseca","article_modified_time":"2022-03-09T16:07:16+00:00","og_image":[{"width":1000,"height":1000,"url":"https:\/\/assumptafontseca.cat\/wp-content\/uploads\/2022\/02\/all-i-oli.jpg","type":"image\/jpeg"}],"twitter_card":"summary_large_image","schema":{"@context":"https:\/\/schema.org","@graph":[{"@type":"WebPage","@id":"https:\/\/assumptafontseca.cat\/es\/recetas\/para-acompanar\/all-i-oli-2500gr\/","url":"https:\/\/assumptafontseca.cat\/es\/recetas\/para-acompanar\/all-i-oli-2500gr\/","name":"All i oli de 250gr. - Assumpta Fontseca","isPartOf":{"@id":"https:\/\/assumptafontseca.cat\/#website"},"primaryImageOfPage":{"@id":"https:\/\/assumptafontseca.cat\/es\/recetas\/para-acompanar\/all-i-oli-2500gr\/#primaryimage"},"image":{"@id":"https:\/\/assumptafontseca.cat\/es\/recetas\/para-acompanar\/all-i-oli-2500gr\/#primaryimage"},"thumbnailUrl":"https:\/\/assumptafontseca.cat\/wp-content\/uploads\/2022\/02\/all-i-oli.jpg","datePublished":"2022-02-02T07:34:11+00:00","dateModified":"2022-03-09T16:07:16+00:00","description":"Uno acompa\u00f1amiento estrella de nuestra casa. \u00a1Un all i oli de sabor suave pero constante que gusta a todos! Tambi\u00e9n en envase de 100 gr.","breadcrumb":{"@id":"https:\/\/assumptafontseca.cat\/es\/recetas\/para-acompanar\/all-i-oli-2500gr\/#breadcrumb"},"inLanguage":"es","potentialAction":[{"@type":"ReadAction","target":["https:\/\/assumptafontseca.cat\/es\/recetas\/para-acompanar\/all-i-oli-2500gr\/"]}]},{"@type":"ImageObject","inLanguage":"es","@id":"https:\/\/assumptafontseca.cat\/es\/recetas\/para-acompanar\/all-i-oli-2500gr\/#primaryimage","url":"https:\/\/assumptafontseca.cat\/wp-content\/uploads\/2022\/02\/all-i-oli.jpg","contentUrl":"https:\/\/assumptafontseca.cat\/wp-content\/uploads\/2022\/02\/all-i-oli.jpg","width":1000,"height":1000,"caption":"All i oli de 250 gramos de Assumpta Fontseca"},{"@type":"BreadcrumbList","@id":"https:\/\/assumptafontseca.cat\/es\/recetas\/para-acompanar\/all-i-oli-2500gr\/#breadcrumb","itemListElement":[{"@type":"ListItem","position":1,"name":"Portada","item":"https:\/\/assumptafontseca.cat\/"},{"@type":"ListItem","position":2,"name":"Productos","item":"https:\/\/assumptafontseca.cat\/tienda\/"},{"@type":"ListItem","position":3,"name":"Para acompa\u00f1ar","item":"https:\/\/assumptafontseca.cat\/es\/platos-cocinados\/para-acompanar\/"},{"@type":"ListItem","position":4,"name":"All i oli"}]},{"@type":"WebSite","@id":"https:\/\/assumptafontseca.cat\/#website","url":"https:\/\/assumptafontseca.cat\/","name":"Assumpta Fontseca","description":"La passi\u00f3 que compartim per la \u201cfeina ben feta\u201d, \u00e9s la millor garantia que cadascun dels nostres plats ser\u00e0 \u00fanic i especial.","potentialAction":[{"@type":"SearchAction","target":{"@type":"EntryPoint","urlTemplate":"https:\/\/assumptafontseca.cat\/?s={search_term_string}"},"query-input":{"@type":"PropertyValueSpecification","valueRequired":true,"valueName":"search_term_string"}}],"inLanguage":"es"}]}},"_links":{"self":[{"href":"https:\/\/assumptafontseca.cat\/es\/wp-json\/wp\/v2\/product\/1784","targetHints":{"allow":["GET"]}}],"collection":[{"href":"https:\/\/assumptafontseca.cat\/es\/wp-json\/wp\/v2\/product"}],"about":[{"href":"https:\/\/assumptafontseca.cat\/es\/wp-json\/wp\/v2\/types\/product"}],"replies":[{"embeddable":true,"href":"https:\/\/assumptafontseca.cat\/es\/wp-json\/wp\/v2\/comments?post=1784"}],"version-history":[{"count":2,"href":"https:\/\/assumptafontseca.cat\/es\/wp-json\/wp\/v2\/product\/1784\/revisions"}],"predecessor-version":[{"id":1804,"href":"https:\/\/assumptafontseca.cat\/es\/wp-json\/wp\/v2\/product\/1784\/revisions\/1804"}],"wp:featuredmedia":[{"embeddable":true,"href":"https:\/\/assumptafontseca.cat\/es\/wp-json\/wp\/v2\/media\/1268"}],"wp:attachment":[{"href":"https:\/\/assumptafontseca.cat\/es\/wp-json\/wp\/v2\/media?parent=1784"}],"wp:term":[{"taxonomy":"product_brand","embeddable":true,"href":"https:\/\/assumptafontseca.cat\/es\/wp-json\/wp\/v2\/product_brand?post=1784"},{"taxonomy":"product_cat","embeddable":true,"href":"https:\/\/assumptafontseca.cat\/es\/wp-json\/wp\/v2\/product_cat?post=1784"},{"taxonomy":"product_tag","embeddable":true,"href":"https:\/\/assumptafontseca.cat\/es\/wp-json\/wp\/v2\/product_tag?post=1784"}],"curies":[{"name":"wp","href":"https:\/\/api.w.org\/{rel}","templated":true}]}}

<p>¡Uno de los acompañamientos estrella de nuestra casa! Con un sabor suave pero constante, nuestro all i oli gusta tanto a quienes se decantan por sabores más marcados, como para quienes lo prefieren más sutiles.</p>
<p>El all i oli es la salsa perfecta para acompañar, tanto platos de carne como de pescado. Y con este envase de 250 gr. tendréis suficiente para disfrutarlo con familia y amigos.</p>
<p>De necesitarlo para una ocasión especial en petit comité, también tenéis la posibilidad de escoger nuestro <a href="https://assumptafontseca.cat/es/recetas/all-i-oli-100g/"><strong>all i oli de 100 gr</strong></a>.</p>

<!-- This site is optimized with the Yoast SEO plugin v27.2 - https://yoast.com/product/yoast-seo-wordpress/ -->
<title>All i oli de 250gr. - Assumpta Fontseca</title>
<meta name="description" content="Uno acompañamiento estrella de nuestra casa. ¡Un all i oli de sabor suave pero constante que gusta a todos! También en envase de 100 gr." />
<meta name="robots" content="index, follow, max-snippet:-1, max-image-preview:large, max-video-preview:-1" />
<link rel="canonical" href="https://assumptafontseca.cat/es/recetas/para-acompanar/all-i-oli-2500gr/" />
<meta property="og:locale" content="es_ES" />
<meta property="og:type" content="article" />
<meta property="og:title" content="All i oli de 250gr. - Assumpta Fontseca" />
<meta property="og:description" content="Uno acompañamiento estrella de nuestra casa. ¡Un all i oli de sabor suave pero constante que gusta a todos! También en envase de 100 gr." />
<meta property="og:url" content="https://assumptafontseca.cat/es/recetas/para-acompanar/all-i-oli-2500gr/" />
<meta property="og:site_name" content="Assumpta Fontseca" />
<meta property="article:modified_time" content="2022-03-09T16:07:16+00:00" />
<meta property="og:image" content="https://assumptafontseca.cat/wp-content/uploads/2022/02/all-i-oli.jpg" />
	<meta property="og:image:width" content="1000" />
	<meta property="og:image:height" content="1000" />
	<meta property="og:image:type" content="image/jpeg" />
<meta name="twitter:card" content="summary_large_image" />
<script type="application/ld+json" class="yoast-schema-graph">{"@context":"https://schema.org","@graph":[{"@type":"WebPage","@id":"https://assumptafontseca.cat/es/recetas/para-acompanar/all-i-oli-2500gr/","url":"https://assumptafontseca.cat/es/recetas/para-acompanar/all-i-oli-2500gr/","name":"All i oli de 250gr. - Assumpta Fontseca","isPartOf":{"@id":"https://assumptafontseca.cat/#website"},"primaryImageOfPage":{"@id":"https://assumptafontseca.cat/es/recetas/para-acompanar/all-i-oli-2500gr/#primaryimage"},"image":{"@id":"https://assumptafontseca.cat/es/recetas/para-acompanar/all-i-oli-2500gr/#primaryimage"},"thumbnailUrl":"https://assumptafontseca.cat/wp-content/uploads/2022/02/all-i-oli.jpg","datePublished":"2022-02-02T07:34:11+00:00","dateModified":"2022-03-09T16:07:16+00:00","description":"Uno acompañamiento estrella de nuestra casa. ¡Un all i oli de sabor suave pero constante que gusta a todos! También en envase de 100 gr.","breadcrumb":{"@id":"https://assumptafontseca.cat/es/recetas/para-acompanar/all-i-oli-2500gr/#breadcrumb"},"inLanguage":"es","potentialAction":[{"@type":"ReadAction","target":["https://assumptafontseca.cat/es/recetas/para-acompanar/all-i-oli-2500gr/"]}]},{"@type":"ImageObject","inLanguage":"es","@id":"https://assumptafontseca.cat/es/recetas/para-acompanar/all-i-oli-2500gr/#primaryimage","url":"https://assumptafontseca.cat/wp-content/uploads/2022/02/all-i-oli.jpg","contentUrl":"https://assumptafontseca.cat/wp-content/uploads/2022/02/all-i-oli.jpg","width":1000,"height":1000,"caption":"All i oli de 250 gramos de Assumpta Fontseca"},{"@type":"BreadcrumbList","@id":"https://assumptafontseca.cat/es/recetas/para-acompanar/all-i-oli-2500gr/#breadcrumb","itemListElement":[{"@type":"ListItem","position":1,"name":"Portada","item":"https://assumptafontseca.cat/"},{"@type":"ListItem","position":2,"name":"Productos","item":"https://assumptafontseca.cat/tienda/"},{"@type":"ListItem","position":3,"name":"Para acompañar","item":"https://assumptafontseca.cat/es/platos-cocinados/para-acompanar/"},{"@type":"ListItem","position":4,"name":"All i oli"}]},{"@type":"WebSite","@id":"https://assumptafontseca.cat/#website","url":"https://assumptafontseca.cat/","name":"Assumpta Fontseca","description":"La passió que compartim per la “feina ben feta”, és la millor garantia que cadascun dels nostres plats serà únic i especial.","potentialAction":[{"@type":"SearchAction","target":{"@type":"EntryPoint","urlTemplate":"https://assumptafontseca.cat/?s={search_term_string}"},"query-input":{"@type":"PropertyValueSpecification","valueRequired":true,"valueName":"search_term_string"}}],"inLanguage":"es"}]}</script>
<!-- / Yoast SEO plugin. -->

Uno acompañamiento estrella de nuestra casa. ¡Un all i oli de sabor suave pero constante que gusta a todos! También en envase de 100 gr.

Para acompañar

La passió que compartim per la “feina ben feta”, és la millor garantia que cadascun dels nostres plats serà únic i especial.
