{"id":1775,"date":"2022-01-31T14:42:46","date_gmt":"2022-01-31T14:42:46","guid":{"rendered":"https:\/\/assumptafontseca.cat\/receptes\/arroz-al-curry\/"},"modified":"2022-03-09T16:01:19","modified_gmt":"2022-03-09T16:01:19","slug":"arroz-al-curry","status":"publish","type":"product","link":"https:\/\/assumptafontseca.cat\/es\/recetas\/sabores-del-mundo\/arroz-al-curry\/","title":{"rendered":"Arroz al curry"},"content":{"rendered":"<p>Viajamos a la India con uno de los ingredientes m\u00e1s conocidos de su gastronom\u00eda: el curry. Nuestro arroz al curry y pasas adapta una de las recetas locales con m\u00e1s tradici\u00f3n para que puedas disfrutarla y saborearla siempre que quieras.<\/p>\n","protected":false},"excerpt":{"rendered":"<p>1 raci\u00f3n \/ 300 gr<\/p>\n","protected":false},"featured_media":1279,"comment_status":"open","ping_status":"closed","template":"","meta":{"_monsterinsights_skip_tracking":false,"_monsterinsights_sitenote_active":false,"_monsterinsights_sitenote_note":"","_monsterinsights_sitenote_category":0},"product_brand":[],"product_cat":[80],"product_tag":[161,177,208,214],"class_list":{"0":"post-1775","1":"product","2":"type-product","3":"status-publish","4":"has-post-thumbnail","6":"product_cat-sabores-del-mundo","7":"product_tag-arroz","8":"product_tag-curry","9":"product_tag-recetas-de-arroz","10":"product_tag-recetas-internacionales","12":"first","13":"instock","14":"shipping-taxable","15":"product-type-simple"},"yoast_head":"<!-- This site is optimized with the Yoast SEO plugin v27.2 - https:\/\/yoast.com\/product\/yoast-seo-wordpress\/ -->\n<title>Arroz al curry - Assumpta Fontseca<\/title>\n<meta name=\"description\" content=\"Viajamos a la India con uno de los ingredientes m\u00e1s conocidos de su gastronom\u00eda local: el Arroz al curry con pasas!\" \/>\n<meta name=\"robots\" content=\"index, follow, max-snippet:-1, max-image-preview:large, max-video-preview:-1\" \/>\n<link rel=\"canonical\" href=\"https:\/\/assumptafontseca.cat\/es\/recetas\/sabores-del-mundo\/arroz-al-curry\/\" \/>\n<meta property=\"og:locale\" content=\"es_ES\" \/>\n<meta property=\"og:type\" content=\"article\" \/>\n<meta property=\"og:title\" content=\"Arroz al curry - Assumpta Fontseca\" \/>\n<meta property=\"og:description\" content=\"Viajamos a la India con uno de los ingredientes m\u00e1s conocidos de su gastronom\u00eda local: el Arroz al curry con pasas!\" \/>\n<meta property=\"og:url\" content=\"https:\/\/assumptafontseca.cat\/es\/recetas\/sabores-del-mundo\/arroz-al-curry\/\" \/>\n<meta property=\"og:site_name\" content=\"Assumpta Fontseca\" \/>\n<meta property=\"article:modified_time\" content=\"2022-03-09T16:01:19+00:00\" \/>\n<meta property=\"og:image\" content=\"https:\/\/assumptafontseca.cat\/wp-content\/uploads\/2022\/01\/arros-amb-curry.jpg\" \/>\n\t<meta property=\"og:image:width\" content=\"1000\" \/>\n\t<meta property=\"og:image:height\" content=\"1000\" \/>\n\t<meta property=\"og:image:type\" content=\"image\/jpeg\" \/>\n<meta name=\"twitter:card\" content=\"summary_large_image\" \/>\n<script type=\"application\/ld+json\" class=\"yoast-schema-graph\">{\"@context\":\"https:\/\/schema.org\",\"@graph\":[{\"@type\":\"WebPage\",\"@id\":\"https:\/\/assumptafontseca.cat\/es\/recetas\/sabores-del-mundo\/arroz-al-curry\/\",\"url\":\"https:\/\/assumptafontseca.cat\/es\/recetas\/sabores-del-mundo\/arroz-al-curry\/\",\"name\":\"Arroz al curry - Assumpta Fontseca\",\"isPartOf\":{\"@id\":\"https:\/\/assumptafontseca.cat\/#website\"},\"primaryImageOfPage\":{\"@id\":\"https:\/\/assumptafontseca.cat\/es\/recetas\/sabores-del-mundo\/arroz-al-curry\/#primaryimage\"},\"image\":{\"@id\":\"https:\/\/assumptafontseca.cat\/es\/recetas\/sabores-del-mundo\/arroz-al-curry\/#primaryimage\"},\"thumbnailUrl\":\"https:\/\/assumptafontseca.cat\/wp-content\/uploads\/2022\/01\/arros-amb-curry.jpg\",\"datePublished\":\"2022-01-31T14:42:46+00:00\",\"dateModified\":\"2022-03-09T16:01:19+00:00\",\"description\":\"Viajamos a la India con uno de los ingredientes m\u00e1s conocidos de su gastronom\u00eda local: el Arroz al curry con pasas!\",\"breadcrumb\":{\"@id\":\"https:\/\/assumptafontseca.cat\/es\/recetas\/sabores-del-mundo\/arroz-al-curry\/#breadcrumb\"},\"inLanguage\":\"es\",\"potentialAction\":[{\"@type\":\"ReadAction\",\"target\":[\"https:\/\/assumptafontseca.cat\/es\/recetas\/sabores-del-mundo\/arroz-al-curry\/\"]}]},{\"@type\":\"ImageObject\",\"inLanguage\":\"es\",\"@id\":\"https:\/\/assumptafontseca.cat\/es\/recetas\/sabores-del-mundo\/arroz-al-curry\/#primaryimage\",\"url\":\"https:\/\/assumptafontseca.cat\/wp-content\/uploads\/2022\/01\/arros-amb-curry.jpg\",\"contentUrl\":\"https:\/\/assumptafontseca.cat\/wp-content\/uploads\/2022\/01\/arros-amb-curry.jpg\",\"width\":1000,\"height\":1000,\"caption\":\"Bandeja de arroz al curry para una persona\"},{\"@type\":\"BreadcrumbList\",\"@id\":\"https:\/\/assumptafontseca.cat\/es\/recetas\/sabores-del-mundo\/arroz-al-curry\/#breadcrumb\",\"itemListElement\":[{\"@type\":\"ListItem\",\"position\":1,\"name\":\"Portada\",\"item\":\"https:\/\/assumptafontseca.cat\/\"},{\"@type\":\"ListItem\",\"position\":2,\"name\":\"Productos\",\"item\":\"https:\/\/assumptafontseca.cat\/tienda\/\"},{\"@type\":\"ListItem\",\"position\":3,\"name\":\"Sabores del mundo\",\"item\":\"https:\/\/assumptafontseca.cat\/es\/platos-cocinados\/sabores-del-mundo\/\"},{\"@type\":\"ListItem\",\"position\":4,\"name\":\"Arroz al curry\"}]},{\"@type\":\"WebSite\",\"@id\":\"https:\/\/assumptafontseca.cat\/#website\",\"url\":\"https:\/\/assumptafontseca.cat\/\",\"name\":\"Assumpta Fontseca\",\"description\":\"La passi\u00f3 que compartim per la \u201cfeina ben feta\u201d, \u00e9s la millor garantia que cadascun dels nostres plats ser\u00e0 \u00fanic i especial.\",\"potentialAction\":[{\"@type\":\"SearchAction\",\"target\":{\"@type\":\"EntryPoint\",\"urlTemplate\":\"https:\/\/assumptafontseca.cat\/?s={search_term_string}\"},\"query-input\":{\"@type\":\"PropertyValueSpecification\",\"valueRequired\":true,\"valueName\":\"search_term_string\"}}],\"inLanguage\":\"es\"}]}<\/script>\n<!-- \/ Yoast SEO plugin. -->","yoast_head_json":{"title":"Arroz al curry - Assumpta Fontseca","description":"Viajamos a la India con uno de los ingredientes m\u00e1s conocidos de su gastronom\u00eda local: el Arroz al curry con pasas!","robots":{"index":"index","follow":"follow","max-snippet":"max-snippet:-1","max-image-preview":"max-image-preview:large","max-video-preview":"max-video-preview:-1"},"canonical":"https:\/\/assumptafontseca.cat\/es\/recetas\/sabores-del-mundo\/arroz-al-curry\/","og_locale":"es_ES","og_type":"article","og_title":"Arroz al curry - Assumpta Fontseca","og_description":"Viajamos a la India con uno de los ingredientes m\u00e1s conocidos de su gastronom\u00eda local: el Arroz al curry con pasas!","og_url":"https:\/\/assumptafontseca.cat\/es\/recetas\/sabores-del-mundo\/arroz-al-curry\/","og_site_name":"Assumpta Fontseca","article_modified_time":"2022-03-09T16:01:19+00:00","og_image":[{"width":1000,"height":1000,"url":"https:\/\/assumptafontseca.cat\/wp-content\/uploads\/2022\/01\/arros-amb-curry.jpg","type":"image\/jpeg"}],"twitter_card":"summary_large_image","schema":{"@context":"https:\/\/schema.org","@graph":[{"@type":"WebPage","@id":"https:\/\/assumptafontseca.cat\/es\/recetas\/sabores-del-mundo\/arroz-al-curry\/","url":"https:\/\/assumptafontseca.cat\/es\/recetas\/sabores-del-mundo\/arroz-al-curry\/","name":"Arroz al curry - Assumpta Fontseca","isPartOf":{"@id":"https:\/\/assumptafontseca.cat\/#website"},"primaryImageOfPage":{"@id":"https:\/\/assumptafontseca.cat\/es\/recetas\/sabores-del-mundo\/arroz-al-curry\/#primaryimage"},"image":{"@id":"https:\/\/assumptafontseca.cat\/es\/recetas\/sabores-del-mundo\/arroz-al-curry\/#primaryimage"},"thumbnailUrl":"https:\/\/assumptafontseca.cat\/wp-content\/uploads\/2022\/01\/arros-amb-curry.jpg","datePublished":"2022-01-31T14:42:46+00:00","dateModified":"2022-03-09T16:01:19+00:00","description":"Viajamos a la India con uno de los ingredientes m\u00e1s conocidos de su gastronom\u00eda local: el Arroz al curry con pasas!","breadcrumb":{"@id":"https:\/\/assumptafontseca.cat\/es\/recetas\/sabores-del-mundo\/arroz-al-curry\/#breadcrumb"},"inLanguage":"es","potentialAction":[{"@type":"ReadAction","target":["https:\/\/assumptafontseca.cat\/es\/recetas\/sabores-del-mundo\/arroz-al-curry\/"]}]},{"@type":"ImageObject","inLanguage":"es","@id":"https:\/\/assumptafontseca.cat\/es\/recetas\/sabores-del-mundo\/arroz-al-curry\/#primaryimage","url":"https:\/\/assumptafontseca.cat\/wp-content\/uploads\/2022\/01\/arros-amb-curry.jpg","contentUrl":"https:\/\/assumptafontseca.cat\/wp-content\/uploads\/2022\/01\/arros-amb-curry.jpg","width":1000,"height":1000,"caption":"Bandeja de arroz al curry para una persona"},{"@type":"BreadcrumbList","@id":"https:\/\/assumptafontseca.cat\/es\/recetas\/sabores-del-mundo\/arroz-al-curry\/#breadcrumb","itemListElement":[{"@type":"ListItem","position":1,"name":"Portada","item":"https:\/\/assumptafontseca.cat\/"},{"@type":"ListItem","position":2,"name":"Productos","item":"https:\/\/assumptafontseca.cat\/tienda\/"},{"@type":"ListItem","position":3,"name":"Sabores del mundo","item":"https:\/\/assumptafontseca.cat\/es\/platos-cocinados\/sabores-del-mundo\/"},{"@type":"ListItem","position":4,"name":"Arroz al curry"}]},{"@type":"WebSite","@id":"https:\/\/assumptafontseca.cat\/#website","url":"https:\/\/assumptafontseca.cat\/","name":"Assumpta Fontseca","description":"La passi\u00f3 que compartim per la \u201cfeina ben feta\u201d, \u00e9s la millor garantia que cadascun dels nostres plats ser\u00e0 \u00fanic i especial.","potentialAction":[{"@type":"SearchAction","target":{"@type":"EntryPoint","urlTemplate":"https:\/\/assumptafontseca.cat\/?s={search_term_string}"},"query-input":{"@type":"PropertyValueSpecification","valueRequired":true,"valueName":"search_term_string"}}],"inLanguage":"es"}]}},"_links":{"self":[{"href":"https:\/\/assumptafontseca.cat\/es\/wp-json\/wp\/v2\/product\/1775","targetHints":{"allow":["GET"]}}],"collection":[{"href":"https:\/\/assumptafontseca.cat\/es\/wp-json\/wp\/v2\/product"}],"about":[{"href":"https:\/\/assumptafontseca.cat\/es\/wp-json\/wp\/v2\/types\/product"}],"replies":[{"embeddable":true,"href":"https:\/\/assumptafontseca.cat\/es\/wp-json\/wp\/v2\/comments?post=1775"}],"version-history":[{"count":1,"href":"https:\/\/assumptafontseca.cat\/es\/wp-json\/wp\/v2\/product\/1775\/revisions"}],"predecessor-version":[{"id":1845,"href":"https:\/\/assumptafontseca.cat\/es\/wp-json\/wp\/v2\/product\/1775\/revisions\/1845"}],"wp:featuredmedia":[{"embeddable":true,"href":"https:\/\/assumptafontseca.cat\/es\/wp-json\/wp\/v2\/media\/1279"}],"wp:attachment":[{"href":"https:\/\/assumptafontseca.cat\/es\/wp-json\/wp\/v2\/media?parent=1775"}],"wp:term":[{"taxonomy":"product_brand","embeddable":true,"href":"https:\/\/assumptafontseca.cat\/es\/wp-json\/wp\/v2\/product_brand?post=1775"},{"taxonomy":"product_cat","embeddable":true,"href":"https:\/\/assumptafontseca.cat\/es\/wp-json\/wp\/v2\/product_cat?post=1775"},{"taxonomy":"product_tag","embeddable":true,"href":"https:\/\/assumptafontseca.cat\/es\/wp-json\/wp\/v2\/product_tag?post=1775"}],"curies":[{"name":"wp","href":"https:\/\/api.w.org\/{rel}","templated":true}]}}

<p>Viajamos a la India con uno de los ingredientes más conocidos de su gastronomía: el curry. Nuestro arroz al curry y pasas adapta una de las recetas locales con más tradición para que puedas disfrutarla y saborearla siempre que quieras.</p>

<p>1 ración / 300 gr</p>

<!-- This site is optimized with the Yoast SEO plugin v27.2 - https://yoast.com/product/yoast-seo-wordpress/ -->
<title>Arroz al curry - Assumpta Fontseca</title>
<meta name="description" content="Viajamos a la India con uno de los ingredientes más conocidos de su gastronomía local: el Arroz al curry con pasas!" />
<meta name="robots" content="index, follow, max-snippet:-1, max-image-preview:large, max-video-preview:-1" />
<link rel="canonical" href="https://assumptafontseca.cat/es/recetas/sabores-del-mundo/arroz-al-curry/" />
<meta property="og:locale" content="es_ES" />
<meta property="og:type" content="article" />
<meta property="og:title" content="Arroz al curry - Assumpta Fontseca" />
<meta property="og:description" content="Viajamos a la India con uno de los ingredientes más conocidos de su gastronomía local: el Arroz al curry con pasas!" />
<meta property="og:url" content="https://assumptafontseca.cat/es/recetas/sabores-del-mundo/arroz-al-curry/" />
<meta property="og:site_name" content="Assumpta Fontseca" />
<meta property="article:modified_time" content="2022-03-09T16:01:19+00:00" />
<meta property="og:image" content="https://assumptafontseca.cat/wp-content/uploads/2022/01/arros-amb-curry.jpg" />
	<meta property="og:image:width" content="1000" />
	<meta property="og:image:height" content="1000" />
	<meta property="og:image:type" content="image/jpeg" />
<meta name="twitter:card" content="summary_large_image" />
<script type="application/ld+json" class="yoast-schema-graph">{"@context":"https://schema.org","@graph":[{"@type":"WebPage","@id":"https://assumptafontseca.cat/es/recetas/sabores-del-mundo/arroz-al-curry/","url":"https://assumptafontseca.cat/es/recetas/sabores-del-mundo/arroz-al-curry/","name":"Arroz al curry - Assumpta Fontseca","isPartOf":{"@id":"https://assumptafontseca.cat/#website"},"primaryImageOfPage":{"@id":"https://assumptafontseca.cat/es/recetas/sabores-del-mundo/arroz-al-curry/#primaryimage"},"image":{"@id":"https://assumptafontseca.cat/es/recetas/sabores-del-mundo/arroz-al-curry/#primaryimage"},"thumbnailUrl":"https://assumptafontseca.cat/wp-content/uploads/2022/01/arros-amb-curry.jpg","datePublished":"2022-01-31T14:42:46+00:00","dateModified":"2022-03-09T16:01:19+00:00","description":"Viajamos a la India con uno de los ingredientes más conocidos de su gastronomía local: el Arroz al curry con pasas!","breadcrumb":{"@id":"https://assumptafontseca.cat/es/recetas/sabores-del-mundo/arroz-al-curry/#breadcrumb"},"inLanguage":"es","potentialAction":[{"@type":"ReadAction","target":["https://assumptafontseca.cat/es/recetas/sabores-del-mundo/arroz-al-curry/"]}]},{"@type":"ImageObject","inLanguage":"es","@id":"https://assumptafontseca.cat/es/recetas/sabores-del-mundo/arroz-al-curry/#primaryimage","url":"https://assumptafontseca.cat/wp-content/uploads/2022/01/arros-amb-curry.jpg","contentUrl":"https://assumptafontseca.cat/wp-content/uploads/2022/01/arros-amb-curry.jpg","width":1000,"height":1000,"caption":"Bandeja de arroz al curry para una persona"},{"@type":"BreadcrumbList","@id":"https://assumptafontseca.cat/es/recetas/sabores-del-mundo/arroz-al-curry/#breadcrumb","itemListElement":[{"@type":"ListItem","position":1,"name":"Portada","item":"https://assumptafontseca.cat/"},{"@type":"ListItem","position":2,"name":"Productos","item":"https://assumptafontseca.cat/tienda/"},{"@type":"ListItem","position":3,"name":"Sabores del mundo","item":"https://assumptafontseca.cat/es/platos-cocinados/sabores-del-mundo/"},{"@type":"ListItem","position":4,"name":"Arroz al curry"}]},{"@type":"WebSite","@id":"https://assumptafontseca.cat/#website","url":"https://assumptafontseca.cat/","name":"Assumpta Fontseca","description":"La passió que compartim per la “feina ben feta”, és la millor garantia que cadascun dels nostres plats serà únic i especial.","potentialAction":[{"@type":"SearchAction","target":{"@type":"EntryPoint","urlTemplate":"https://assumptafontseca.cat/?s={search_term_string}"},"query-input":{"@type":"PropertyValueSpecification","valueRequired":true,"valueName":"search_term_string"}}],"inLanguage":"es"}]}</script>
<!-- / Yoast SEO plugin. -->

Viajamos a la India con uno de los ingredientes más conocidos de su gastronomía local: el Arroz al curry con pasas!

La passió que compartim per la “feina ben feta”, és la millor garantia que cadascun dels nostres plats serà únic i especial.
