{"id":1774,"date":"2022-01-31T14:41:00","date_gmt":"2022-01-31T14:41:00","guid":{"rendered":"https:\/\/assumptafontseca.cat\/receptes\/verduras-a-la-brasa\/"},"modified":"2022-03-09T16:01:21","modified_gmt":"2022-03-09T16:01:21","slug":"verduras-a-la-brasa","status":"publish","type":"product","link":"https:\/\/assumptafontseca.cat\/es\/recetas\/del-huerto\/verduras-a-la-brasa\/","title":{"rendered":"Verduras a la brasa"},"content":{"rendered":"<p>\u00a1Un variado de verduras hechas a la brasa que estamos seguros que te encantar\u00e1! Nuestras verduras a la brasa son una receta saludable, equilibrada y deliciosa con la que hacer un repaso a los productos m\u00e1s t\u00edpicos de los huertos de casa, para que las saborees all\u00ed donde quieras, \u00a1y siempre que quieras!<\/p>\n","protected":false},"excerpt":{"rendered":"<p>400 gr.<\/p>\n","protected":false},"featured_media":1333,"comment_status":"open","ping_status":"closed","template":"","meta":{"_monsterinsights_skip_tracking":false,"_monsterinsights_sitenote_active":false,"_monsterinsights_sitenote_note":"","_monsterinsights_sitenote_category":0},"product_brand":[],"product_cat":[77],"product_tag":[213,216,220,221,222,186],"class_list":{"0":"post-1774","1":"product","2":"type-product","3":"status-publish","4":"has-post-thumbnail","6":"product_cat-del-huerto","7":"product_tag-recetas-de-verduras-es","8":"product_tag-recetas-vegetarianas","9":"product_tag-vegetariano","10":"product_tag-verduras","11":"product_tag-verduras-a-la-brasa-es","12":"product_tag-verduras-a-la-brasa","14":"first","15":"instock","16":"shipping-taxable","17":"product-type-simple"},"yoast_head":"<!-- This site is optimized with the Yoast SEO plugin v27.2 - https:\/\/yoast.com\/product\/yoast-seo-wordpress\/ -->\n<title>Verduras a la brasa - Assumpta Fontseca<\/title>\n<meta name=\"description\" content=\"Nuestras verduras a la brasa son una receta saludable, equilibrada y deliciosa que estamos seguros que te encantar\u00e1\" \/>\n<meta name=\"robots\" content=\"index, follow, max-snippet:-1, max-image-preview:large, max-video-preview:-1\" \/>\n<link rel=\"canonical\" href=\"https:\/\/assumptafontseca.cat\/es\/recetas\/del-huerto\/verduras-a-la-brasa\/\" \/>\n<meta property=\"og:locale\" content=\"es_ES\" \/>\n<meta property=\"og:type\" content=\"article\" \/>\n<meta property=\"og:title\" content=\"Verduras a la brasa - Assumpta Fontseca\" \/>\n<meta property=\"og:description\" content=\"Nuestras verduras a la brasa son una receta saludable, equilibrada y deliciosa que estamos seguros que te encantar\u00e1\" \/>\n<meta property=\"og:url\" content=\"https:\/\/assumptafontseca.cat\/es\/recetas\/del-huerto\/verduras-a-la-brasa\/\" \/>\n<meta property=\"og:site_name\" content=\"Assumpta Fontseca\" \/>\n<meta property=\"article:modified_time\" content=\"2022-03-09T16:01:21+00:00\" \/>\n<meta property=\"og:image\" content=\"https:\/\/assumptafontseca.cat\/wp-content\/uploads\/2022\/01\/graellada-de-verdures.jpg\" \/>\n\t<meta property=\"og:image:width\" content=\"1000\" \/>\n\t<meta property=\"og:image:height\" content=\"1000\" \/>\n\t<meta property=\"og:image:type\" content=\"image\/jpeg\" \/>\n<meta name=\"twitter:card\" content=\"summary_large_image\" \/>\n<script type=\"application\/ld+json\" class=\"yoast-schema-graph\">{\"@context\":\"https:\/\/schema.org\",\"@graph\":[{\"@type\":\"WebPage\",\"@id\":\"https:\/\/assumptafontseca.cat\/es\/recetas\/del-huerto\/verduras-a-la-brasa\/\",\"url\":\"https:\/\/assumptafontseca.cat\/es\/recetas\/del-huerto\/verduras-a-la-brasa\/\",\"name\":\"Verduras a la brasa - Assumpta Fontseca\",\"isPartOf\":{\"@id\":\"https:\/\/assumptafontseca.cat\/#website\"},\"primaryImageOfPage\":{\"@id\":\"https:\/\/assumptafontseca.cat\/es\/recetas\/del-huerto\/verduras-a-la-brasa\/#primaryimage\"},\"image\":{\"@id\":\"https:\/\/assumptafontseca.cat\/es\/recetas\/del-huerto\/verduras-a-la-brasa\/#primaryimage\"},\"thumbnailUrl\":\"https:\/\/assumptafontseca.cat\/wp-content\/uploads\/2022\/01\/graellada-de-verdures.jpg\",\"datePublished\":\"2022-01-31T14:41:00+00:00\",\"dateModified\":\"2022-03-09T16:01:21+00:00\",\"description\":\"Nuestras verduras a la brasa son una receta saludable, equilibrada y deliciosa que estamos seguros que te encantar\u00e1\",\"breadcrumb\":{\"@id\":\"https:\/\/assumptafontseca.cat\/es\/recetas\/del-huerto\/verduras-a-la-brasa\/#breadcrumb\"},\"inLanguage\":\"es\",\"potentialAction\":[{\"@type\":\"ReadAction\",\"target\":[\"https:\/\/assumptafontseca.cat\/es\/recetas\/del-huerto\/verduras-a-la-brasa\/\"]}]},{\"@type\":\"ImageObject\",\"inLanguage\":\"es\",\"@id\":\"https:\/\/assumptafontseca.cat\/es\/recetas\/del-huerto\/verduras-a-la-brasa\/#primaryimage\",\"url\":\"https:\/\/assumptafontseca.cat\/wp-content\/uploads\/2022\/01\/graellada-de-verdures.jpg\",\"contentUrl\":\"https:\/\/assumptafontseca.cat\/wp-content\/uploads\/2022\/01\/graellada-de-verdures.jpg\",\"width\":1000,\"height\":1000,\"caption\":\"Combinado de verduras a la brasa\"},{\"@type\":\"BreadcrumbList\",\"@id\":\"https:\/\/assumptafontseca.cat\/es\/recetas\/del-huerto\/verduras-a-la-brasa\/#breadcrumb\",\"itemListElement\":[{\"@type\":\"ListItem\",\"position\":1,\"name\":\"Portada\",\"item\":\"https:\/\/assumptafontseca.cat\/\"},{\"@type\":\"ListItem\",\"position\":2,\"name\":\"Productos\",\"item\":\"https:\/\/assumptafontseca.cat\/tienda\/\"},{\"@type\":\"ListItem\",\"position\":3,\"name\":\"Del huerto\",\"item\":\"https:\/\/assumptafontseca.cat\/es\/platos-cocinados\/del-huerto\/\"},{\"@type\":\"ListItem\",\"position\":4,\"name\":\"Verduras a la brasa\"}]},{\"@type\":\"WebSite\",\"@id\":\"https:\/\/assumptafontseca.cat\/#website\",\"url\":\"https:\/\/assumptafontseca.cat\/\",\"name\":\"Assumpta Fontseca\",\"description\":\"La passi\u00f3 que compartim per la \u201cfeina ben feta\u201d, \u00e9s la millor garantia que cadascun dels nostres plats ser\u00e0 \u00fanic i especial.\",\"potentialAction\":[{\"@type\":\"SearchAction\",\"target\":{\"@type\":\"EntryPoint\",\"urlTemplate\":\"https:\/\/assumptafontseca.cat\/?s={search_term_string}\"},\"query-input\":{\"@type\":\"PropertyValueSpecification\",\"valueRequired\":true,\"valueName\":\"search_term_string\"}}],\"inLanguage\":\"es\"}]}<\/script>\n<!-- \/ Yoast SEO plugin. -->","yoast_head_json":{"title":"Verduras a la brasa - Assumpta Fontseca","description":"Nuestras verduras a la brasa son una receta saludable, equilibrada y deliciosa que estamos seguros que te encantar\u00e1","robots":{"index":"index","follow":"follow","max-snippet":"max-snippet:-1","max-image-preview":"max-image-preview:large","max-video-preview":"max-video-preview:-1"},"canonical":"https:\/\/assumptafontseca.cat\/es\/recetas\/del-huerto\/verduras-a-la-brasa\/","og_locale":"es_ES","og_type":"article","og_title":"Verduras a la brasa - Assumpta Fontseca","og_description":"Nuestras verduras a la brasa son una receta saludable, equilibrada y deliciosa que estamos seguros que te encantar\u00e1","og_url":"https:\/\/assumptafontseca.cat\/es\/recetas\/del-huerto\/verduras-a-la-brasa\/","og_site_name":"Assumpta Fontseca","article_modified_time":"2022-03-09T16:01:21+00:00","og_image":[{"width":1000,"height":1000,"url":"https:\/\/assumptafontseca.cat\/wp-content\/uploads\/2022\/01\/graellada-de-verdures.jpg","type":"image\/jpeg"}],"twitter_card":"summary_large_image","schema":{"@context":"https:\/\/schema.org","@graph":[{"@type":"WebPage","@id":"https:\/\/assumptafontseca.cat\/es\/recetas\/del-huerto\/verduras-a-la-brasa\/","url":"https:\/\/assumptafontseca.cat\/es\/recetas\/del-huerto\/verduras-a-la-brasa\/","name":"Verduras a la brasa - Assumpta Fontseca","isPartOf":{"@id":"https:\/\/assumptafontseca.cat\/#website"},"primaryImageOfPage":{"@id":"https:\/\/assumptafontseca.cat\/es\/recetas\/del-huerto\/verduras-a-la-brasa\/#primaryimage"},"image":{"@id":"https:\/\/assumptafontseca.cat\/es\/recetas\/del-huerto\/verduras-a-la-brasa\/#primaryimage"},"thumbnailUrl":"https:\/\/assumptafontseca.cat\/wp-content\/uploads\/2022\/01\/graellada-de-verdures.jpg","datePublished":"2022-01-31T14:41:00+00:00","dateModified":"2022-03-09T16:01:21+00:00","description":"Nuestras verduras a la brasa son una receta saludable, equilibrada y deliciosa que estamos seguros que te encantar\u00e1","breadcrumb":{"@id":"https:\/\/assumptafontseca.cat\/es\/recetas\/del-huerto\/verduras-a-la-brasa\/#breadcrumb"},"inLanguage":"es","potentialAction":[{"@type":"ReadAction","target":["https:\/\/assumptafontseca.cat\/es\/recetas\/del-huerto\/verduras-a-la-brasa\/"]}]},{"@type":"ImageObject","inLanguage":"es","@id":"https:\/\/assumptafontseca.cat\/es\/recetas\/del-huerto\/verduras-a-la-brasa\/#primaryimage","url":"https:\/\/assumptafontseca.cat\/wp-content\/uploads\/2022\/01\/graellada-de-verdures.jpg","contentUrl":"https:\/\/assumptafontseca.cat\/wp-content\/uploads\/2022\/01\/graellada-de-verdures.jpg","width":1000,"height":1000,"caption":"Combinado de verduras a la brasa"},{"@type":"BreadcrumbList","@id":"https:\/\/assumptafontseca.cat\/es\/recetas\/del-huerto\/verduras-a-la-brasa\/#breadcrumb","itemListElement":[{"@type":"ListItem","position":1,"name":"Portada","item":"https:\/\/assumptafontseca.cat\/"},{"@type":"ListItem","position":2,"name":"Productos","item":"https:\/\/assumptafontseca.cat\/tienda\/"},{"@type":"ListItem","position":3,"name":"Del huerto","item":"https:\/\/assumptafontseca.cat\/es\/platos-cocinados\/del-huerto\/"},{"@type":"ListItem","position":4,"name":"Verduras a la brasa"}]},{"@type":"WebSite","@id":"https:\/\/assumptafontseca.cat\/#website","url":"https:\/\/assumptafontseca.cat\/","name":"Assumpta Fontseca","description":"La passi\u00f3 que compartim per la \u201cfeina ben feta\u201d, \u00e9s la millor garantia que cadascun dels nostres plats ser\u00e0 \u00fanic i especial.","potentialAction":[{"@type":"SearchAction","target":{"@type":"EntryPoint","urlTemplate":"https:\/\/assumptafontseca.cat\/?s={search_term_string}"},"query-input":{"@type":"PropertyValueSpecification","valueRequired":true,"valueName":"search_term_string"}}],"inLanguage":"es"}]}},"_links":{"self":[{"href":"https:\/\/assumptafontseca.cat\/es\/wp-json\/wp\/v2\/product\/1774","targetHints":{"allow":["GET"]}}],"collection":[{"href":"https:\/\/assumptafontseca.cat\/es\/wp-json\/wp\/v2\/product"}],"about":[{"href":"https:\/\/assumptafontseca.cat\/es\/wp-json\/wp\/v2\/types\/product"}],"replies":[{"embeddable":true,"href":"https:\/\/assumptafontseca.cat\/es\/wp-json\/wp\/v2\/comments?post=1774"}],"version-history":[{"count":1,"href":"https:\/\/assumptafontseca.cat\/es\/wp-json\/wp\/v2\/product\/1774\/revisions"}],"predecessor-version":[{"id":1846,"href":"https:\/\/assumptafontseca.cat\/es\/wp-json\/wp\/v2\/product\/1774\/revisions\/1846"}],"wp:featuredmedia":[{"embeddable":true,"href":"https:\/\/assumptafontseca.cat\/es\/wp-json\/wp\/v2\/media\/1333"}],"wp:attachment":[{"href":"https:\/\/assumptafontseca.cat\/es\/wp-json\/wp\/v2\/media?parent=1774"}],"wp:term":[{"taxonomy":"product_brand","embeddable":true,"href":"https:\/\/assumptafontseca.cat\/es\/wp-json\/wp\/v2\/product_brand?post=1774"},{"taxonomy":"product_cat","embeddable":true,"href":"https:\/\/assumptafontseca.cat\/es\/wp-json\/wp\/v2\/product_cat?post=1774"},{"taxonomy":"product_tag","embeddable":true,"href":"https:\/\/assumptafontseca.cat\/es\/wp-json\/wp\/v2\/product_tag?post=1774"}],"curies":[{"name":"wp","href":"https:\/\/api.w.org\/{rel}","templated":true}]}}

<p>¡Un variado de verduras hechas a la brasa que estamos seguros que te encantará! Nuestras verduras a la brasa son una receta saludable, equilibrada y deliciosa con la que hacer un repaso a los productos más típicos de los huertos de casa, para que las saborees allí donde quieras, ¡y siempre que quieras!</p>

<!-- This site is optimized with the Yoast SEO plugin v27.2 - https://yoast.com/product/yoast-seo-wordpress/ -->
<title>Verduras a la brasa - Assumpta Fontseca</title>
<meta name="description" content="Nuestras verduras a la brasa son una receta saludable, equilibrada y deliciosa que estamos seguros que te encantará" />
<meta name="robots" content="index, follow, max-snippet:-1, max-image-preview:large, max-video-preview:-1" />
<link rel="canonical" href="https://assumptafontseca.cat/es/recetas/del-huerto/verduras-a-la-brasa/" />
<meta property="og:locale" content="es_ES" />
<meta property="og:type" content="article" />
<meta property="og:title" content="Verduras a la brasa - Assumpta Fontseca" />
<meta property="og:description" content="Nuestras verduras a la brasa son una receta saludable, equilibrada y deliciosa que estamos seguros que te encantará" />
<meta property="og:url" content="https://assumptafontseca.cat/es/recetas/del-huerto/verduras-a-la-brasa/" />
<meta property="og:site_name" content="Assumpta Fontseca" />
<meta property="article:modified_time" content="2022-03-09T16:01:21+00:00" />
<meta property="og:image" content="https://assumptafontseca.cat/wp-content/uploads/2022/01/graellada-de-verdures.jpg" />
	<meta property="og:image:width" content="1000" />
	<meta property="og:image:height" content="1000" />
	<meta property="og:image:type" content="image/jpeg" />
<meta name="twitter:card" content="summary_large_image" />
<script type="application/ld+json" class="yoast-schema-graph">{"@context":"https://schema.org","@graph":[{"@type":"WebPage","@id":"https://assumptafontseca.cat/es/recetas/del-huerto/verduras-a-la-brasa/","url":"https://assumptafontseca.cat/es/recetas/del-huerto/verduras-a-la-brasa/","name":"Verduras a la brasa - Assumpta Fontseca","isPartOf":{"@id":"https://assumptafontseca.cat/#website"},"primaryImageOfPage":{"@id":"https://assumptafontseca.cat/es/recetas/del-huerto/verduras-a-la-brasa/#primaryimage"},"image":{"@id":"https://assumptafontseca.cat/es/recetas/del-huerto/verduras-a-la-brasa/#primaryimage"},"thumbnailUrl":"https://assumptafontseca.cat/wp-content/uploads/2022/01/graellada-de-verdures.jpg","datePublished":"2022-01-31T14:41:00+00:00","dateModified":"2022-03-09T16:01:21+00:00","description":"Nuestras verduras a la brasa son una receta saludable, equilibrada y deliciosa que estamos seguros que te encantará","breadcrumb":{"@id":"https://assumptafontseca.cat/es/recetas/del-huerto/verduras-a-la-brasa/#breadcrumb"},"inLanguage":"es","potentialAction":[{"@type":"ReadAction","target":["https://assumptafontseca.cat/es/recetas/del-huerto/verduras-a-la-brasa/"]}]},{"@type":"ImageObject","inLanguage":"es","@id":"https://assumptafontseca.cat/es/recetas/del-huerto/verduras-a-la-brasa/#primaryimage","url":"https://assumptafontseca.cat/wp-content/uploads/2022/01/graellada-de-verdures.jpg","contentUrl":"https://assumptafontseca.cat/wp-content/uploads/2022/01/graellada-de-verdures.jpg","width":1000,"height":1000,"caption":"Combinado de verduras a la brasa"},{"@type":"BreadcrumbList","@id":"https://assumptafontseca.cat/es/recetas/del-huerto/verduras-a-la-brasa/#breadcrumb","itemListElement":[{"@type":"ListItem","position":1,"name":"Portada","item":"https://assumptafontseca.cat/"},{"@type":"ListItem","position":2,"name":"Productos","item":"https://assumptafontseca.cat/tienda/"},{"@type":"ListItem","position":3,"name":"Del huerto","item":"https://assumptafontseca.cat/es/platos-cocinados/del-huerto/"},{"@type":"ListItem","position":4,"name":"Verduras a la brasa"}]},{"@type":"WebSite","@id":"https://assumptafontseca.cat/#website","url":"https://assumptafontseca.cat/","name":"Assumpta Fontseca","description":"La passió que compartim per la “feina ben feta”, és la millor garantia que cadascun dels nostres plats serà únic i especial.","potentialAction":[{"@type":"SearchAction","target":{"@type":"EntryPoint","urlTemplate":"https://assumptafontseca.cat/?s={search_term_string}"},"query-input":{"@type":"PropertyValueSpecification","valueRequired":true,"valueName":"search_term_string"}}],"inLanguage":"es"}]}</script>
<!-- / Yoast SEO plugin. -->

Nuestras verduras a la brasa son una receta saludable, equilibrada y deliciosa que estamos seguros que te encantará

La passió que compartim per la “feina ben feta”, és la millor garantia que cadascun dels nostres plats serà únic i especial.
