{"id":1757,"date":"2022-02-02T08:37:04","date_gmt":"2022-02-02T08:37:04","guid":{"rendered":"https:\/\/assumptafontseca.cat\/receptes\/crema-de-verduras\/"},"modified":"2022-03-09T16:03:48","modified_gmt":"2022-03-09T16:03:48","slug":"crema-de-verduras","status":"publish","type":"product","link":"https:\/\/assumptafontseca.cat\/es\/recetas\/cremas-y-sopas\/crema-de-verduras\/","title":{"rendered":"Crema de verduras"},"content":{"rendered":"<p>Del huerto, nos llegan las mejores verduras que nos permiten elaborar una crema de verduras de lo m\u00e1s sabrosa y nutritiva. La combinaci\u00f3n perfecta de todos los ingredientes y el hecho de cocinarla con paciencia y a fuego lento, hacen que nuestra crema de verduras sea como hecha en tu casa.<\/p>\n","protected":false},"excerpt":{"rendered":"<p>750 ml<\/p>\n","protected":false},"featured_media":1305,"comment_status":"open","ping_status":"closed","template":"","meta":{"_monsterinsights_skip_tracking":false,"_monsterinsights_sitenote_active":false,"_monsterinsights_sitenote_note":"","_monsterinsights_sitenote_category":0},"product_brand":[],"product_cat":[75],"product_tag":[175,179,213,215,217,221],"class_list":{"0":"post-1757","1":"product","2":"type-product","3":"status-publish","4":"has-post-thumbnail","6":"product_cat-cremas-y-sopas","7":"product_tag-cremas","8":"product_tag-equilibrado","9":"product_tag-recetas-de-verduras-es","10":"product_tag-recetas-saludables","11":"product_tag-sano","12":"product_tag-verduras","14":"first","15":"instock","16":"shipping-taxable","17":"product-type-simple"},"yoast_head":"<!-- This site is optimized with the Yoast SEO plugin v27.2 - https:\/\/yoast.com\/product\/yoast-seo-wordpress\/ -->\n<title>Crema de verduras - Assumpta Fontseca<\/title>\n<meta name=\"description\" content=\"Del huerto, nos llegan las mejores verduras que nos permiten elaborar una crema de verduras de lo m\u00e1s sabrosa y nutritiva. \u00a1Hecha como en casa!\" \/>\n<meta name=\"robots\" content=\"index, follow, max-snippet:-1, max-image-preview:large, max-video-preview:-1\" \/>\n<link rel=\"canonical\" href=\"https:\/\/assumptafontseca.cat\/es\/recetas\/cremes-i-sopes\/crema-de-verduras\/\" \/>\n<meta property=\"og:locale\" content=\"es_ES\" \/>\n<meta property=\"og:type\" content=\"article\" \/>\n<meta property=\"og:title\" content=\"Crema de verduras - Assumpta Fontseca\" \/>\n<meta property=\"og:description\" content=\"Del huerto, nos llegan las mejores verduras que nos permiten elaborar una crema de verduras de lo m\u00e1s sabrosa y nutritiva. \u00a1Hecha como en casa!\" \/>\n<meta property=\"og:url\" content=\"https:\/\/assumptafontseca.cat\/es\/recetas\/cremes-i-sopes\/crema-de-verduras\/\" \/>\n<meta property=\"og:site_name\" content=\"Assumpta Fontseca\" \/>\n<meta property=\"article:modified_time\" content=\"2022-03-09T16:03:48+00:00\" \/>\n<meta property=\"og:image\" content=\"https:\/\/assumptafontseca.cat\/wp-content\/uploads\/2022\/02\/crema-de-verdures.jpg\" \/>\n\t<meta property=\"og:image:width\" content=\"1000\" \/>\n\t<meta property=\"og:image:height\" content=\"1000\" \/>\n\t<meta property=\"og:image:type\" content=\"image\/jpeg\" \/>\n<meta name=\"twitter:card\" content=\"summary_large_image\" \/>\n<script type=\"application\/ld+json\" class=\"yoast-schema-graph\">{\"@context\":\"https:\/\/schema.org\",\"@graph\":[{\"@type\":\"WebPage\",\"@id\":\"https:\/\/assumptafontseca.cat\/es\/recetas\/cremes-i-sopes\/crema-de-verduras\/\",\"url\":\"https:\/\/assumptafontseca.cat\/es\/recetas\/cremes-i-sopes\/crema-de-verduras\/\",\"name\":\"Crema de verduras - Assumpta Fontseca\",\"isPartOf\":{\"@id\":\"https:\/\/assumptafontseca.cat\/#website\"},\"primaryImageOfPage\":{\"@id\":\"https:\/\/assumptafontseca.cat\/es\/recetas\/cremes-i-sopes\/crema-de-verduras\/#primaryimage\"},\"image\":{\"@id\":\"https:\/\/assumptafontseca.cat\/es\/recetas\/cremes-i-sopes\/crema-de-verduras\/#primaryimage\"},\"thumbnailUrl\":\"https:\/\/assumptafontseca.cat\/wp-content\/uploads\/2022\/02\/crema-de-verdures.jpg\",\"datePublished\":\"2022-02-02T08:37:04+00:00\",\"dateModified\":\"2022-03-09T16:03:48+00:00\",\"description\":\"Del huerto, nos llegan las mejores verduras que nos permiten elaborar una crema de verduras de lo m\u00e1s sabrosa y nutritiva. \u00a1Hecha como en casa!\",\"breadcrumb\":{\"@id\":\"https:\/\/assumptafontseca.cat\/es\/recetas\/cremes-i-sopes\/crema-de-verduras\/#breadcrumb\"},\"inLanguage\":\"es\",\"potentialAction\":[{\"@type\":\"ReadAction\",\"target\":[\"https:\/\/assumptafontseca.cat\/es\/recetas\/cremes-i-sopes\/crema-de-verduras\/\"]}]},{\"@type\":\"ImageObject\",\"inLanguage\":\"es\",\"@id\":\"https:\/\/assumptafontseca.cat\/es\/recetas\/cremes-i-sopes\/crema-de-verduras\/#primaryimage\",\"url\":\"https:\/\/assumptafontseca.cat\/wp-content\/uploads\/2022\/02\/crema-de-verdures.jpg\",\"contentUrl\":\"https:\/\/assumptafontseca.cat\/wp-content\/uploads\/2022\/02\/crema-de-verdures.jpg\",\"width\":1000,\"height\":1000,\"caption\":\"Botella de crema de verduras\"},{\"@type\":\"BreadcrumbList\",\"@id\":\"https:\/\/assumptafontseca.cat\/es\/recetas\/cremes-i-sopes\/crema-de-verduras\/#breadcrumb\",\"itemListElement\":[{\"@type\":\"ListItem\",\"position\":1,\"name\":\"Portada\",\"item\":\"https:\/\/assumptafontseca.cat\/\"},{\"@type\":\"ListItem\",\"position\":2,\"name\":\"Productos\",\"item\":\"https:\/\/assumptafontseca.cat\/tienda\/\"},{\"@type\":\"ListItem\",\"position\":3,\"name\":\"Cremes i sopes\",\"item\":\"https:\/\/assumptafontseca.cat\/plats-cuinats\/cremes-i-sopes\/\"},{\"@type\":\"ListItem\",\"position\":4,\"name\":\"Crema de verduras\"}]},{\"@type\":\"WebSite\",\"@id\":\"https:\/\/assumptafontseca.cat\/#website\",\"url\":\"https:\/\/assumptafontseca.cat\/\",\"name\":\"Assumpta Fontseca\",\"description\":\"La passi\u00f3 que compartim per la \u201cfeina ben feta\u201d, \u00e9s la millor garantia que cadascun dels nostres plats ser\u00e0 \u00fanic i especial.\",\"potentialAction\":[{\"@type\":\"SearchAction\",\"target\":{\"@type\":\"EntryPoint\",\"urlTemplate\":\"https:\/\/assumptafontseca.cat\/?s={search_term_string}\"},\"query-input\":{\"@type\":\"PropertyValueSpecification\",\"valueRequired\":true,\"valueName\":\"search_term_string\"}}],\"inLanguage\":\"es\"}]}<\/script>\n<!-- \/ Yoast SEO plugin. -->","yoast_head_json":{"title":"Crema de verduras - Assumpta Fontseca","description":"Del huerto, nos llegan las mejores verduras que nos permiten elaborar una crema de verduras de lo m\u00e1s sabrosa y nutritiva. \u00a1Hecha como en casa!","robots":{"index":"index","follow":"follow","max-snippet":"max-snippet:-1","max-image-preview":"max-image-preview:large","max-video-preview":"max-video-preview:-1"},"canonical":"https:\/\/assumptafontseca.cat\/es\/recetas\/cremes-i-sopes\/crema-de-verduras\/","og_locale":"es_ES","og_type":"article","og_title":"Crema de verduras - Assumpta Fontseca","og_description":"Del huerto, nos llegan las mejores verduras que nos permiten elaborar una crema de verduras de lo m\u00e1s sabrosa y nutritiva. \u00a1Hecha como en casa!","og_url":"https:\/\/assumptafontseca.cat\/es\/recetas\/cremes-i-sopes\/crema-de-verduras\/","og_site_name":"Assumpta Fontseca","article_modified_time":"2022-03-09T16:03:48+00:00","og_image":[{"width":1000,"height":1000,"url":"https:\/\/assumptafontseca.cat\/wp-content\/uploads\/2022\/02\/crema-de-verdures.jpg","type":"image\/jpeg"}],"twitter_card":"summary_large_image","schema":{"@context":"https:\/\/schema.org","@graph":[{"@type":"WebPage","@id":"https:\/\/assumptafontseca.cat\/es\/recetas\/cremes-i-sopes\/crema-de-verduras\/","url":"https:\/\/assumptafontseca.cat\/es\/recetas\/cremes-i-sopes\/crema-de-verduras\/","name":"Crema de verduras - Assumpta Fontseca","isPartOf":{"@id":"https:\/\/assumptafontseca.cat\/#website"},"primaryImageOfPage":{"@id":"https:\/\/assumptafontseca.cat\/es\/recetas\/cremes-i-sopes\/crema-de-verduras\/#primaryimage"},"image":{"@id":"https:\/\/assumptafontseca.cat\/es\/recetas\/cremes-i-sopes\/crema-de-verduras\/#primaryimage"},"thumbnailUrl":"https:\/\/assumptafontseca.cat\/wp-content\/uploads\/2022\/02\/crema-de-verdures.jpg","datePublished":"2022-02-02T08:37:04+00:00","dateModified":"2022-03-09T16:03:48+00:00","description":"Del huerto, nos llegan las mejores verduras que nos permiten elaborar una crema de verduras de lo m\u00e1s sabrosa y nutritiva. \u00a1Hecha como en casa!","breadcrumb":{"@id":"https:\/\/assumptafontseca.cat\/es\/recetas\/cremes-i-sopes\/crema-de-verduras\/#breadcrumb"},"inLanguage":"es","potentialAction":[{"@type":"ReadAction","target":["https:\/\/assumptafontseca.cat\/es\/recetas\/cremes-i-sopes\/crema-de-verduras\/"]}]},{"@type":"ImageObject","inLanguage":"es","@id":"https:\/\/assumptafontseca.cat\/es\/recetas\/cremes-i-sopes\/crema-de-verduras\/#primaryimage","url":"https:\/\/assumptafontseca.cat\/wp-content\/uploads\/2022\/02\/crema-de-verdures.jpg","contentUrl":"https:\/\/assumptafontseca.cat\/wp-content\/uploads\/2022\/02\/crema-de-verdures.jpg","width":1000,"height":1000,"caption":"Botella de crema de verduras"},{"@type":"BreadcrumbList","@id":"https:\/\/assumptafontseca.cat\/es\/recetas\/cremes-i-sopes\/crema-de-verduras\/#breadcrumb","itemListElement":[{"@type":"ListItem","position":1,"name":"Portada","item":"https:\/\/assumptafontseca.cat\/"},{"@type":"ListItem","position":2,"name":"Productos","item":"https:\/\/assumptafontseca.cat\/tienda\/"},{"@type":"ListItem","position":3,"name":"Cremes i sopes","item":"https:\/\/assumptafontseca.cat\/plats-cuinats\/cremes-i-sopes\/"},{"@type":"ListItem","position":4,"name":"Crema de verduras"}]},{"@type":"WebSite","@id":"https:\/\/assumptafontseca.cat\/#website","url":"https:\/\/assumptafontseca.cat\/","name":"Assumpta Fontseca","description":"La passi\u00f3 que compartim per la \u201cfeina ben feta\u201d, \u00e9s la millor garantia que cadascun dels nostres plats ser\u00e0 \u00fanic i especial.","potentialAction":[{"@type":"SearchAction","target":{"@type":"EntryPoint","urlTemplate":"https:\/\/assumptafontseca.cat\/?s={search_term_string}"},"query-input":{"@type":"PropertyValueSpecification","valueRequired":true,"valueName":"search_term_string"}}],"inLanguage":"es"}]}},"_links":{"self":[{"href":"https:\/\/assumptafontseca.cat\/es\/wp-json\/wp\/v2\/product\/1757","targetHints":{"allow":["GET"]}}],"collection":[{"href":"https:\/\/assumptafontseca.cat\/es\/wp-json\/wp\/v2\/product"}],"about":[{"href":"https:\/\/assumptafontseca.cat\/es\/wp-json\/wp\/v2\/types\/product"}],"replies":[{"embeddable":true,"href":"https:\/\/assumptafontseca.cat\/es\/wp-json\/wp\/v2\/comments?post=1757"}],"version-history":[{"count":1,"href":"https:\/\/assumptafontseca.cat\/es\/wp-json\/wp\/v2\/product\/1757\/revisions"}],"predecessor-version":[{"id":1859,"href":"https:\/\/assumptafontseca.cat\/es\/wp-json\/wp\/v2\/product\/1757\/revisions\/1859"}],"wp:featuredmedia":[{"embeddable":true,"href":"https:\/\/assumptafontseca.cat\/es\/wp-json\/wp\/v2\/media\/1305"}],"wp:attachment":[{"href":"https:\/\/assumptafontseca.cat\/es\/wp-json\/wp\/v2\/media?parent=1757"}],"wp:term":[{"taxonomy":"product_brand","embeddable":true,"href":"https:\/\/assumptafontseca.cat\/es\/wp-json\/wp\/v2\/product_brand?post=1757"},{"taxonomy":"product_cat","embeddable":true,"href":"https:\/\/assumptafontseca.cat\/es\/wp-json\/wp\/v2\/product_cat?post=1757"},{"taxonomy":"product_tag","embeddable":true,"href":"https:\/\/assumptafontseca.cat\/es\/wp-json\/wp\/v2\/product_tag?post=1757"}],"curies":[{"name":"wp","href":"https:\/\/api.w.org\/{rel}","templated":true}]}}

<p>Del huerto, nos llegan las mejores verduras que nos permiten elaborar una crema de verduras de lo más sabrosa y nutritiva. La combinación perfecta de todos los ingredientes y el hecho de cocinarla con paciencia y a fuego lento, hacen que nuestra crema de verduras sea como hecha en tu casa.</p>

<!-- This site is optimized with the Yoast SEO plugin v27.2 - https://yoast.com/product/yoast-seo-wordpress/ -->
<title>Crema de verduras - Assumpta Fontseca</title>
<meta name="description" content="Del huerto, nos llegan las mejores verduras que nos permiten elaborar una crema de verduras de lo más sabrosa y nutritiva. ¡Hecha como en casa!" />
<meta name="robots" content="index, follow, max-snippet:-1, max-image-preview:large, max-video-preview:-1" />
<link rel="canonical" href="https://assumptafontseca.cat/es/recetas/cremes-i-sopes/crema-de-verduras/" />
<meta property="og:locale" content="es_ES" />
<meta property="og:type" content="article" />
<meta property="og:title" content="Crema de verduras - Assumpta Fontseca" />
<meta property="og:description" content="Del huerto, nos llegan las mejores verduras que nos permiten elaborar una crema de verduras de lo más sabrosa y nutritiva. ¡Hecha como en casa!" />
<meta property="og:url" content="https://assumptafontseca.cat/es/recetas/cremes-i-sopes/crema-de-verduras/" />
<meta property="og:site_name" content="Assumpta Fontseca" />
<meta property="article:modified_time" content="2022-03-09T16:03:48+00:00" />
<meta property="og:image" content="https://assumptafontseca.cat/wp-content/uploads/2022/02/crema-de-verdures.jpg" />
	<meta property="og:image:width" content="1000" />
	<meta property="og:image:height" content="1000" />
	<meta property="og:image:type" content="image/jpeg" />
<meta name="twitter:card" content="summary_large_image" />
<script type="application/ld+json" class="yoast-schema-graph">{"@context":"https://schema.org","@graph":[{"@type":"WebPage","@id":"https://assumptafontseca.cat/es/recetas/cremes-i-sopes/crema-de-verduras/","url":"https://assumptafontseca.cat/es/recetas/cremes-i-sopes/crema-de-verduras/","name":"Crema de verduras - Assumpta Fontseca","isPartOf":{"@id":"https://assumptafontseca.cat/#website"},"primaryImageOfPage":{"@id":"https://assumptafontseca.cat/es/recetas/cremes-i-sopes/crema-de-verduras/#primaryimage"},"image":{"@id":"https://assumptafontseca.cat/es/recetas/cremes-i-sopes/crema-de-verduras/#primaryimage"},"thumbnailUrl":"https://assumptafontseca.cat/wp-content/uploads/2022/02/crema-de-verdures.jpg","datePublished":"2022-02-02T08:37:04+00:00","dateModified":"2022-03-09T16:03:48+00:00","description":"Del huerto, nos llegan las mejores verduras que nos permiten elaborar una crema de verduras de lo más sabrosa y nutritiva. ¡Hecha como en casa!","breadcrumb":{"@id":"https://assumptafontseca.cat/es/recetas/cremes-i-sopes/crema-de-verduras/#breadcrumb"},"inLanguage":"es","potentialAction":[{"@type":"ReadAction","target":["https://assumptafontseca.cat/es/recetas/cremes-i-sopes/crema-de-verduras/"]}]},{"@type":"ImageObject","inLanguage":"es","@id":"https://assumptafontseca.cat/es/recetas/cremes-i-sopes/crema-de-verduras/#primaryimage","url":"https://assumptafontseca.cat/wp-content/uploads/2022/02/crema-de-verdures.jpg","contentUrl":"https://assumptafontseca.cat/wp-content/uploads/2022/02/crema-de-verdures.jpg","width":1000,"height":1000,"caption":"Botella de crema de verduras"},{"@type":"BreadcrumbList","@id":"https://assumptafontseca.cat/es/recetas/cremes-i-sopes/crema-de-verduras/#breadcrumb","itemListElement":[{"@type":"ListItem","position":1,"name":"Portada","item":"https://assumptafontseca.cat/"},{"@type":"ListItem","position":2,"name":"Productos","item":"https://assumptafontseca.cat/tienda/"},{"@type":"ListItem","position":3,"name":"Cremes i sopes","item":"https://assumptafontseca.cat/plats-cuinats/cremes-i-sopes/"},{"@type":"ListItem","position":4,"name":"Crema de verduras"}]},{"@type":"WebSite","@id":"https://assumptafontseca.cat/#website","url":"https://assumptafontseca.cat/","name":"Assumpta Fontseca","description":"La passió que compartim per la “feina ben feta”, és la millor garantia que cadascun dels nostres plats serà únic i especial.","potentialAction":[{"@type":"SearchAction","target":{"@type":"EntryPoint","urlTemplate":"https://assumptafontseca.cat/?s={search_term_string}"},"query-input":{"@type":"PropertyValueSpecification","valueRequired":true,"valueName":"search_term_string"}}],"inLanguage":"es"}]}</script>
<!-- / Yoast SEO plugin. -->

Del huerto, nos llegan las mejores verduras que nos permiten elaborar una crema de verduras de lo más sabrosa y nutritiva. ¡Hecha como en casa!

La passió que compartim per la “feina ben feta”, és la millor garantia que cadascun dels nostres plats serà únic i especial.
