{"id":1698,"date":"2022-02-02T07:19:48","date_gmt":"2022-02-02T07:19:48","guid":{"rendered":"https:\/\/assumptafontseca.cat\/receptes\/fideua-con-all-i-oli\/"},"modified":"2022-02-18T08:58:04","modified_gmt":"2022-02-18T08:58:04","slug":"fideua-con-all-i-oli","status":"publish","type":"product","link":"https:\/\/assumptafontseca.cat\/es\/recetas\/del-mar\/fideua-con-all-i-oli\/","title":{"rendered":"Fideu\u00e1 con all i oli"},"content":{"rendered":"<p>Un d\u00eda soleado al lado de la playa, la combinaci\u00f3n perfecta de sabores del campo y del mar, un rato para compartir con familia y amigos&#8230; Sabemos que esta es la mejor ocasi\u00f3n para disfrutar de una buena fideu\u00e1 con all i oli, pero deja que tambi\u00e9n te acompa\u00f1e en otros momentos.<\/p>\n","protected":false},"excerpt":{"rendered":"<p>2 raciones \/ 550 gr.<\/p>\n","protected":false},"featured_media":1218,"comment_status":"open","ping_status":"closed","template":"","meta":{"_monsterinsights_skip_tracking":false,"_monsterinsights_sitenote_active":false,"_monsterinsights_sitenote_note":"","_monsterinsights_sitenote_category":0},"product_brand":[],"product_cat":[78],"product_tag":[182,196,197,211,212],"class_list":{"0":"post-1698","1":"product","2":"type-product","3":"status-publish","4":"has-post-thumbnail","6":"product_cat-del-mar","7":"product_tag-fideua-es","8":"product_tag-pasta-es","9":"product_tag-pescado","10":"product_tag-recetas-de-pasta","11":"product_tag-recetas-de-pescado","13":"first","14":"instock","15":"shipping-taxable","16":"product-type-simple"},"yoast_head":"<!-- This site is optimized with the Yoast SEO plugin v27.2 - https:\/\/yoast.com\/product\/yoast-seo-wordpress\/ -->\n<title>Fideu\u00e1 con all i oli - Assumpta Fontseca<\/title>\n<meta name=\"description\" content=\"Una fideu\u00e1 con all i oli es un d\u00eda soleado. Es la combinaci\u00f3n perfecta de sabores del campo y del mar. Es un momento para compartir.\" \/>\n<meta name=\"robots\" content=\"index, follow, max-snippet:-1, max-image-preview:large, max-video-preview:-1\" \/>\n<link rel=\"canonical\" href=\"https:\/\/assumptafontseca.cat\/es\/recetas\/del-mar\/fideua-con-all-i-oli\/\" \/>\n<meta property=\"og:locale\" content=\"es_ES\" \/>\n<meta property=\"og:type\" content=\"article\" \/>\n<meta property=\"og:title\" content=\"Fideu\u00e1 con all i oli - Assumpta Fontseca\" \/>\n<meta property=\"og:description\" content=\"Una fideu\u00e1 con all i oli es un d\u00eda soleado. Es la combinaci\u00f3n perfecta de sabores del campo y del mar. Es un momento para compartir.\" \/>\n<meta property=\"og:url\" content=\"https:\/\/assumptafontseca.cat\/es\/recetas\/del-mar\/fideua-con-all-i-oli\/\" \/>\n<meta property=\"og:site_name\" content=\"Assumpta Fontseca\" \/>\n<meta property=\"article:modified_time\" content=\"2022-02-18T08:58:04+00:00\" \/>\n<meta property=\"og:image\" content=\"https:\/\/assumptafontseca.cat\/wp-content\/uploads\/2022\/02\/Fideua.jpg\" \/>\n\t<meta property=\"og:image:width\" content=\"1000\" \/>\n\t<meta property=\"og:image:height\" content=\"1000\" \/>\n\t<meta property=\"og:image:type\" content=\"image\/jpeg\" \/>\n<meta name=\"twitter:card\" content=\"summary_large_image\" \/>\n<script type=\"application\/ld+json\" class=\"yoast-schema-graph\">{\"@context\":\"https:\/\/schema.org\",\"@graph\":[{\"@type\":\"WebPage\",\"@id\":\"https:\/\/assumptafontseca.cat\/es\/recetas\/del-mar\/fideua-con-all-i-oli\/\",\"url\":\"https:\/\/assumptafontseca.cat\/es\/recetas\/del-mar\/fideua-con-all-i-oli\/\",\"name\":\"Fideu\u00e1 con all i oli - Assumpta Fontseca\",\"isPartOf\":{\"@id\":\"https:\/\/assumptafontseca.cat\/#website\"},\"primaryImageOfPage\":{\"@id\":\"https:\/\/assumptafontseca.cat\/es\/recetas\/del-mar\/fideua-con-all-i-oli\/#primaryimage\"},\"image\":{\"@id\":\"https:\/\/assumptafontseca.cat\/es\/recetas\/del-mar\/fideua-con-all-i-oli\/#primaryimage\"},\"thumbnailUrl\":\"https:\/\/assumptafontseca.cat\/wp-content\/uploads\/2022\/02\/Fideua.jpg\",\"datePublished\":\"2022-02-02T07:19:48+00:00\",\"dateModified\":\"2022-02-18T08:58:04+00:00\",\"description\":\"Una fideu\u00e1 con all i oli es un d\u00eda soleado. Es la combinaci\u00f3n perfecta de sabores del campo y del mar. Es un momento para compartir.\",\"breadcrumb\":{\"@id\":\"https:\/\/assumptafontseca.cat\/es\/recetas\/del-mar\/fideua-con-all-i-oli\/#breadcrumb\"},\"inLanguage\":\"es\",\"potentialAction\":[{\"@type\":\"ReadAction\",\"target\":[\"https:\/\/assumptafontseca.cat\/es\/recetas\/del-mar\/fideua-con-all-i-oli\/\"]}]},{\"@type\":\"ImageObject\",\"inLanguage\":\"es\",\"@id\":\"https:\/\/assumptafontseca.cat\/es\/recetas\/del-mar\/fideua-con-all-i-oli\/#primaryimage\",\"url\":\"https:\/\/assumptafontseca.cat\/wp-content\/uploads\/2022\/02\/Fideua.jpg\",\"contentUrl\":\"https:\/\/assumptafontseca.cat\/wp-content\/uploads\/2022\/02\/Fideua.jpg\",\"width\":1000,\"height\":1000,\"caption\":\"Bandeja de fideu\u00e1 con all i oli\"},{\"@type\":\"BreadcrumbList\",\"@id\":\"https:\/\/assumptafontseca.cat\/es\/recetas\/del-mar\/fideua-con-all-i-oli\/#breadcrumb\",\"itemListElement\":[{\"@type\":\"ListItem\",\"position\":1,\"name\":\"Portada\",\"item\":\"https:\/\/assumptafontseca.cat\/\"},{\"@type\":\"ListItem\",\"position\":2,\"name\":\"Productos\",\"item\":\"https:\/\/assumptafontseca.cat\/tienda\/\"},{\"@type\":\"ListItem\",\"position\":3,\"name\":\"Del mar\",\"item\":\"https:\/\/assumptafontseca.cat\/plats-cuinats\/del-mar\/\"},{\"@type\":\"ListItem\",\"position\":4,\"name\":\"Fideu\u00e1 con all i oli\"}]},{\"@type\":\"WebSite\",\"@id\":\"https:\/\/assumptafontseca.cat\/#website\",\"url\":\"https:\/\/assumptafontseca.cat\/\",\"name\":\"Assumpta Fontseca\",\"description\":\"La passi\u00f3 que compartim per la \u201cfeina ben feta\u201d, \u00e9s la millor garantia que cadascun dels nostres plats ser\u00e0 \u00fanic i especial.\",\"potentialAction\":[{\"@type\":\"SearchAction\",\"target\":{\"@type\":\"EntryPoint\",\"urlTemplate\":\"https:\/\/assumptafontseca.cat\/?s={search_term_string}\"},\"query-input\":{\"@type\":\"PropertyValueSpecification\",\"valueRequired\":true,\"valueName\":\"search_term_string\"}}],\"inLanguage\":\"es\"}]}<\/script>\n<!-- \/ Yoast SEO plugin. -->","yoast_head_json":{"title":"Fideu\u00e1 con all i oli - Assumpta Fontseca","description":"Una fideu\u00e1 con all i oli es un d\u00eda soleado. Es la combinaci\u00f3n perfecta de sabores del campo y del mar. Es un momento para compartir.","robots":{"index":"index","follow":"follow","max-snippet":"max-snippet:-1","max-image-preview":"max-image-preview:large","max-video-preview":"max-video-preview:-1"},"canonical":"https:\/\/assumptafontseca.cat\/es\/recetas\/del-mar\/fideua-con-all-i-oli\/","og_locale":"es_ES","og_type":"article","og_title":"Fideu\u00e1 con all i oli - Assumpta Fontseca","og_description":"Una fideu\u00e1 con all i oli es un d\u00eda soleado. Es la combinaci\u00f3n perfecta de sabores del campo y del mar. Es un momento para compartir.","og_url":"https:\/\/assumptafontseca.cat\/es\/recetas\/del-mar\/fideua-con-all-i-oli\/","og_site_name":"Assumpta Fontseca","article_modified_time":"2022-02-18T08:58:04+00:00","og_image":[{"width":1000,"height":1000,"url":"https:\/\/assumptafontseca.cat\/wp-content\/uploads\/2022\/02\/Fideua.jpg","type":"image\/jpeg"}],"twitter_card":"summary_large_image","schema":{"@context":"https:\/\/schema.org","@graph":[{"@type":"WebPage","@id":"https:\/\/assumptafontseca.cat\/es\/recetas\/del-mar\/fideua-con-all-i-oli\/","url":"https:\/\/assumptafontseca.cat\/es\/recetas\/del-mar\/fideua-con-all-i-oli\/","name":"Fideu\u00e1 con all i oli - Assumpta Fontseca","isPartOf":{"@id":"https:\/\/assumptafontseca.cat\/#website"},"primaryImageOfPage":{"@id":"https:\/\/assumptafontseca.cat\/es\/recetas\/del-mar\/fideua-con-all-i-oli\/#primaryimage"},"image":{"@id":"https:\/\/assumptafontseca.cat\/es\/recetas\/del-mar\/fideua-con-all-i-oli\/#primaryimage"},"thumbnailUrl":"https:\/\/assumptafontseca.cat\/wp-content\/uploads\/2022\/02\/Fideua.jpg","datePublished":"2022-02-02T07:19:48+00:00","dateModified":"2022-02-18T08:58:04+00:00","description":"Una fideu\u00e1 con all i oli es un d\u00eda soleado. Es la combinaci\u00f3n perfecta de sabores del campo y del mar. Es un momento para compartir.","breadcrumb":{"@id":"https:\/\/assumptafontseca.cat\/es\/recetas\/del-mar\/fideua-con-all-i-oli\/#breadcrumb"},"inLanguage":"es","potentialAction":[{"@type":"ReadAction","target":["https:\/\/assumptafontseca.cat\/es\/recetas\/del-mar\/fideua-con-all-i-oli\/"]}]},{"@type":"ImageObject","inLanguage":"es","@id":"https:\/\/assumptafontseca.cat\/es\/recetas\/del-mar\/fideua-con-all-i-oli\/#primaryimage","url":"https:\/\/assumptafontseca.cat\/wp-content\/uploads\/2022\/02\/Fideua.jpg","contentUrl":"https:\/\/assumptafontseca.cat\/wp-content\/uploads\/2022\/02\/Fideua.jpg","width":1000,"height":1000,"caption":"Bandeja de fideu\u00e1 con all i oli"},{"@type":"BreadcrumbList","@id":"https:\/\/assumptafontseca.cat\/es\/recetas\/del-mar\/fideua-con-all-i-oli\/#breadcrumb","itemListElement":[{"@type":"ListItem","position":1,"name":"Portada","item":"https:\/\/assumptafontseca.cat\/"},{"@type":"ListItem","position":2,"name":"Productos","item":"https:\/\/assumptafontseca.cat\/tienda\/"},{"@type":"ListItem","position":3,"name":"Del mar","item":"https:\/\/assumptafontseca.cat\/plats-cuinats\/del-mar\/"},{"@type":"ListItem","position":4,"name":"Fideu\u00e1 con all i oli"}]},{"@type":"WebSite","@id":"https:\/\/assumptafontseca.cat\/#website","url":"https:\/\/assumptafontseca.cat\/","name":"Assumpta Fontseca","description":"La passi\u00f3 que compartim per la \u201cfeina ben feta\u201d, \u00e9s la millor garantia que cadascun dels nostres plats ser\u00e0 \u00fanic i especial.","potentialAction":[{"@type":"SearchAction","target":{"@type":"EntryPoint","urlTemplate":"https:\/\/assumptafontseca.cat\/?s={search_term_string}"},"query-input":{"@type":"PropertyValueSpecification","valueRequired":true,"valueName":"search_term_string"}}],"inLanguage":"es"}]}},"_links":{"self":[{"href":"https:\/\/assumptafontseca.cat\/es\/wp-json\/wp\/v2\/product\/1698","targetHints":{"allow":["GET"]}}],"collection":[{"href":"https:\/\/assumptafontseca.cat\/es\/wp-json\/wp\/v2\/product"}],"about":[{"href":"https:\/\/assumptafontseca.cat\/es\/wp-json\/wp\/v2\/types\/product"}],"replies":[{"embeddable":true,"href":"https:\/\/assumptafontseca.cat\/es\/wp-json\/wp\/v2\/comments?post=1698"}],"version-history":[{"count":1,"href":"https:\/\/assumptafontseca.cat\/es\/wp-json\/wp\/v2\/product\/1698\/revisions"}],"predecessor-version":[{"id":1725,"href":"https:\/\/assumptafontseca.cat\/es\/wp-json\/wp\/v2\/product\/1698\/revisions\/1725"}],"wp:featuredmedia":[{"embeddable":true,"href":"https:\/\/assumptafontseca.cat\/es\/wp-json\/wp\/v2\/media\/1218"}],"wp:attachment":[{"href":"https:\/\/assumptafontseca.cat\/es\/wp-json\/wp\/v2\/media?parent=1698"}],"wp:term":[{"taxonomy":"product_brand","embeddable":true,"href":"https:\/\/assumptafontseca.cat\/es\/wp-json\/wp\/v2\/product_brand?post=1698"},{"taxonomy":"product_cat","embeddable":true,"href":"https:\/\/assumptafontseca.cat\/es\/wp-json\/wp\/v2\/product_cat?post=1698"},{"taxonomy":"product_tag","embeddable":true,"href":"https:\/\/assumptafontseca.cat\/es\/wp-json\/wp\/v2\/product_tag?post=1698"}],"curies":[{"name":"wp","href":"https:\/\/api.w.org\/{rel}","templated":true}]}}

Fideuá con all i oli

<p>Un día soleado al lado de la playa, la combinación perfecta de sabores del campo y del mar, un rato para compartir con familia y amigos&#8230; Sabemos que esta es la mejor ocasión para disfrutar de una buena fideuá con all i oli, pero deja que también te acompañe en otros momentos.</p>

<!-- This site is optimized with the Yoast SEO plugin v27.2 - https://yoast.com/product/yoast-seo-wordpress/ -->
<title>Fideuá con all i oli - Assumpta Fontseca</title>
<meta name="description" content="Una fideuá con all i oli es un día soleado. Es la combinación perfecta de sabores del campo y del mar. Es un momento para compartir." />
<meta name="robots" content="index, follow, max-snippet:-1, max-image-preview:large, max-video-preview:-1" />
<link rel="canonical" href="https://assumptafontseca.cat/es/recetas/del-mar/fideua-con-all-i-oli/" />
<meta property="og:locale" content="es_ES" />
<meta property="og:type" content="article" />
<meta property="og:title" content="Fideuá con all i oli - Assumpta Fontseca" />
<meta property="og:description" content="Una fideuá con all i oli es un día soleado. Es la combinación perfecta de sabores del campo y del mar. Es un momento para compartir." />
<meta property="og:url" content="https://assumptafontseca.cat/es/recetas/del-mar/fideua-con-all-i-oli/" />
<meta property="og:site_name" content="Assumpta Fontseca" />
<meta property="article:modified_time" content="2022-02-18T08:58:04+00:00" />
<meta property="og:image" content="https://assumptafontseca.cat/wp-content/uploads/2022/02/Fideua.jpg" />
	<meta property="og:image:width" content="1000" />
	<meta property="og:image:height" content="1000" />
	<meta property="og:image:type" content="image/jpeg" />
<meta name="twitter:card" content="summary_large_image" />
<script type="application/ld+json" class="yoast-schema-graph">{"@context":"https://schema.org","@graph":[{"@type":"WebPage","@id":"https://assumptafontseca.cat/es/recetas/del-mar/fideua-con-all-i-oli/","url":"https://assumptafontseca.cat/es/recetas/del-mar/fideua-con-all-i-oli/","name":"Fideuá con all i oli - Assumpta Fontseca","isPartOf":{"@id":"https://assumptafontseca.cat/#website"},"primaryImageOfPage":{"@id":"https://assumptafontseca.cat/es/recetas/del-mar/fideua-con-all-i-oli/#primaryimage"},"image":{"@id":"https://assumptafontseca.cat/es/recetas/del-mar/fideua-con-all-i-oli/#primaryimage"},"thumbnailUrl":"https://assumptafontseca.cat/wp-content/uploads/2022/02/Fideua.jpg","datePublished":"2022-02-02T07:19:48+00:00","dateModified":"2022-02-18T08:58:04+00:00","description":"Una fideuá con all i oli es un día soleado. Es la combinación perfecta de sabores del campo y del mar. Es un momento para compartir.","breadcrumb":{"@id":"https://assumptafontseca.cat/es/recetas/del-mar/fideua-con-all-i-oli/#breadcrumb"},"inLanguage":"es","potentialAction":[{"@type":"ReadAction","target":["https://assumptafontseca.cat/es/recetas/del-mar/fideua-con-all-i-oli/"]}]},{"@type":"ImageObject","inLanguage":"es","@id":"https://assumptafontseca.cat/es/recetas/del-mar/fideua-con-all-i-oli/#primaryimage","url":"https://assumptafontseca.cat/wp-content/uploads/2022/02/Fideua.jpg","contentUrl":"https://assumptafontseca.cat/wp-content/uploads/2022/02/Fideua.jpg","width":1000,"height":1000,"caption":"Bandeja de fideuá con all i oli"},{"@type":"BreadcrumbList","@id":"https://assumptafontseca.cat/es/recetas/del-mar/fideua-con-all-i-oli/#breadcrumb","itemListElement":[{"@type":"ListItem","position":1,"name":"Portada","item":"https://assumptafontseca.cat/"},{"@type":"ListItem","position":2,"name":"Productos","item":"https://assumptafontseca.cat/tienda/"},{"@type":"ListItem","position":3,"name":"Del mar","item":"https://assumptafontseca.cat/plats-cuinats/del-mar/"},{"@type":"ListItem","position":4,"name":"Fideuá con all i oli"}]},{"@type":"WebSite","@id":"https://assumptafontseca.cat/#website","url":"https://assumptafontseca.cat/","name":"Assumpta Fontseca","description":"La passió que compartim per la “feina ben feta”, és la millor garantia que cadascun dels nostres plats serà únic i especial.","potentialAction":[{"@type":"SearchAction","target":{"@type":"EntryPoint","urlTemplate":"https://assumptafontseca.cat/?s={search_term_string}"},"query-input":{"@type":"PropertyValueSpecification","valueRequired":true,"valueName":"search_term_string"}}],"inLanguage":"es"}]}</script>
<!-- / Yoast SEO plugin. -->

Fideuá con all i oli - Assumpta Fontseca

Una fideuá con all i oli es un día soleado. Es la combinación perfecta de sabores del campo y del mar. Es un momento para compartir.

Bandeja de fideuá con all i oli

La passió que compartim per la “feina ben feta”, és la millor garantia que cadascun dels nostres plats serà únic i especial.
